{"id":85,"date":"2015-02-24T10:25:19","date_gmt":"2015-02-24T10:25:19","guid":{"rendered":"http:\/\/test.therockintrouble.com\/?page_id=85"},"modified":"2022-02-06T13:13:18","modified_gmt":"2022-02-06T13:13:18","slug":"old-gigs","status":"publish","type":"page","link":"https:\/\/www.therockintrouble.com\/?page_id=85","title":{"rendered":"Menneet keikat"},"content":{"rendered":"\n<h2 id=\"2021\">2021<\/h2>\n\n\n\n<p>4.12.2021 Rock\u00b4n Roll Cafe Lohja<\/p>\n\n\n\n<p>16.10.2021 Lohja, Virkkalan Klubitalo RockKlubi-ilta (Douglas Blair W.A.S.P)<\/p>\n\n\n\n<p class=\"has-medium-font-size\"><\/p>\n\n\n<p><strong>2019 KEIKAT<\/strong><\/p>\n<p>15.2.2019 Lohja,\u00a0Ravintola Monaco (done)<\/p>\n<p>9.3.2019\u00a0 Nurmij\u00e4rvi\/Kiljava, H-DCF talviralli (done)<\/p>\n<p>11.5.2019 Ravintola Petteri, Lohja (done)<\/p>\n<p>3.8.2019 Rock n\u00b4Roll Cafe Lohja (TRT 10v bileet)<\/p>\n<p>13.9.2019 DejaVu, Nummela<\/p>\n<p>7.12.2019 Rock n Roll Cafe Lohja<\/p>\n<p>\u00a0<\/p>\n<p><strong>2018 KEIKAT<\/strong><\/p>\n<p>27.1.2018 Ravintola Petteri- Lohja (done)<\/p>\n<p>14.7.2018 Rock n\u00b4Roll Cafe Lohja (done)<\/p>\n<p>24.11.2018\u00a0Ravintola Petteri, Lohja (done)<\/p>\n<p><strong>2017 KEIKAT<\/strong><\/p>\n<p>15.4.2017<a href=\"https:\/\/www.facebook.com\/Ravintola-Petteri-131529506906304\/\">\u00a0Ravintola Petter<\/a>i &#8211; Lohja (done)<\/p>\n<p>19.8.2017<a href=\"https:\/\/www.facebook.com\/bikerslake.fi\/?pnref=story\" target=\"_blank\" rel=\"noopener\">\u00a0Bikers Lake<\/a>&#8211; Aurlahti (done)<\/p>\n<p>02.09.2017<a href=\"https:\/\/www.facebook.com\/Ravintola-Petteri-131529506906304\/\">\u00a0Ravintola Petter<\/a>i &#8211; Lohja (done)<\/p>\n<p>18.11.2017 P\u00e4iv\u00e4kumpu Goes Rock,\u00a0<a href=\"http:\/\/www.paivakumpu.fi\/ravintolat-et-juhlat\/ravintolat\/viihde-et-tapahtumat\" target=\"_blank\" rel=\"noopener\">megalomaaniset pirskeet<\/a>\u00a0(done)<\/p>\n<p>15.12.2017 Salo, Bar Zet (done)<\/p>\n<p><strong>Keikat 2016<\/strong><\/p>\n<p>06.02.2016 Lohja &#8211; <a href=\"http:\/\/www.wanhavaunu.fi\/\" target=\"_blank\" rel=\"noopener\">Ravintola Wanha Vaunu<\/a>\u00a0(oltiin)<\/p>\n<p>26.03.2016 Lohja &#8211; <a href=\"https:\/\/www.facebook.com\/Rocknrollcafelohja?rf=126129437463399\" target=\"_blank\" rel=\"noopener\">Rock n\u00b4 Roll Cafe<\/a>\u00a0(done)<\/p>\n<p>12.11.2016 Lohja &#8211; <a href=\"https:\/\/ravintolapetteri.fi\/\">Ravintola Petteri<\/a>\u00a0(done)<\/p>\n<p>05.12.2016 Salo &#8211; <a href=\"http:\/\/www.kp-ravintolat.fi\/zetbaari.html\">Zet bar<\/a>\u00a0Peruttu ja siirret\u00e4\u00e4n toiseen ajankohtaan<\/p>\n<p>Keikat 2015<\/p>\n<p>30.1.2015 Kirkkonummi &#8211; <a href=\"https:\/\/www.facebook.com\/pages\/Road-51\/138838316068?fref=ts\" target=\"_blank\" rel=\"noopener\">Road 51<\/a> (oltiin)<\/p>\n<p>21.3.2015 Lohja &#8211; <a href=\"https:\/\/www.facebook.com\/ravintolahehku?fref=ts\" target=\"_blank\" rel=\"noopener\">Hehku<\/a> (oltiin)<\/p>\n<p>12.6.2015 Lohja &#8211; <a href=\"https:\/\/www.facebook.com\/LondonLohja?fref=ts\" target=\"_blank\" rel=\"noopener\">Ravintola London<\/a>\u00a0(jouduttiin perumaan ):<\/p>\n<p>4.7.2015 Salo &#8211; <a href=\"https:\/\/www.facebook.com\/BurningLoveRockinParty\" target=\"_blank\" rel=\"noopener\">Burning Love Rocking Party<\/a>\u00a0 (oltiin)<\/p>\n<p>18.9.2015 <a href=\"http:\/\/tanhuhovi.fi\/\" target=\"_blank\" rel=\"noopener\">Lohja\/Tanhurock <\/a>&#8211; TRT &amp; Melrose (oltiin)<\/p>\n<p>19.9.2015 Lohja privakeikka (oltiin)<\/p>\n<p>02.10.2015 Lohja &#8211; <a href=\"https:\/\/www.facebook.com\/LondonLohja?fref=ts\" target=\"_blank\" rel=\"noopener\">Ravintola London<\/a>\u00a0(oltiin)<\/p>\n<p>24.10.2015 Sastamala &#8211; Yksityiskemut (oltiin)<\/p>\n<p>28.11.2015 Virkkala &#8211; <a href=\"http:\/\/www.ravintolapetteri.fi\/\" target=\"_blank\" rel=\"noopener\">Ravintola Petteri<\/a>\u00a0(oltiin)<\/p>\n<p>12.12.2015 Salo &#8211; <a href=\"http:\/\/www.kp-ravintolat.fi\/zetbaari.html\" target=\"_blank\" rel=\"noopener\">Zet bar<\/a><\/p>\n<p>\u00a0<\/p>\n<p><strong>Gigs 2014<\/strong><br \/>15.2.2014 Salo &#8211; Zet Bar done<br \/>05.4.2014 Vantaa- Shamrock done<br \/>26.4.2014 Lohja-Rock n&#8217; Roll Cafe done<br \/>05.7.2014 Lohja-Lohjan tori with The Ronski Gang, done<br \/>18.7.2014 Lohja &#8211; London done<br \/>16.8.2014 Salo &#8211; Zet Bar done<br \/>18.10.2014 Lohja &#8211; Private party done<br \/>31.10.2014 Vantaa- Private Party done<br \/>8.11.2014 Helsinki-Private party done<\/p>\n<p><strong>Gigs 2013<\/strong><br \/>26.1 Karstu Winter Rock &#8211; Sammatti (privat party) (past gig)<br \/>30.3 Ravintola Petteri \u2013 Virkkala Ravintola Petteri (past gig)<br \/>3.5 London \u2013 Lohja Ravintola London (past gig)<br \/>4.5 Nummi-Pusula, (privat party) (past gig)<br \/>5.7 Rantajamit-Lohja Rantajamit (past gig)<br \/>3.8 P\u00e4iv\u00e4kumpu &#8211; Karjalohja (past gig)<br \/>26.10 Ravintola Prime, Lohja (past gig)<br \/>7.12 Privat party<br \/><strong>Gigs 2012<\/strong><br \/>4.2 Rock N Roll Cafe \u2013 Lohja<br \/>7.4 Rav. Petteri \u2013 Virkkala<br \/>19.5 Prime &#8211; Lohja<br \/>16.6 Kutsila \u2013 H\u00e4\u00e4t<br \/>13.7 Salo<br \/>21.9 Amarillo \u2013 Lohja<br \/>17.11 MC Bileet \u2013 Lohja<br \/><strong>Gigs 2011<\/strong><br \/>22.1 Lohja<br \/>28.5 Vierustock \u2013 Lohja<br \/>4.6 Bar Finnegans &#8211; Hyryl\u00e4<br \/>10.6 P\u00e4iv\u00e4kumpu &#8211; Karjalohja<br \/>11.6 Petteri \u2013 Virkkala<br \/>5.8 London &#8211; Lohja<br \/>17.9 BBQ Partyt \u2013 Kutsila<br \/>24.9 Mc Bileet \u2013 Lohja<br \/>5.11 Mc Bileet \u2013 Halikko<br \/>19.11 Rock n Roll Cafe \u2013 Lohja<br \/>10.12 Caribia \u2013 Turku<br \/><strong>Gigs 2010<\/strong><br \/>Kutsila<br \/>23.7 Virkkala (Privat)<br \/>9.10 BBQ Partyt &#8211; Kutsila<br \/>23.10 Bar Finnegans &#8211; Hyryl\u00e4<br \/>6.11 Halloween Party &#8211; Virkkala<br \/>4.12 Itsen\u00e4isyysp\u00e4iv\u00e4 Bileet \u2013 Kaarina<\/p>","protected":false},"excerpt":{"rendered":"<p>2021 4.12.2021 Rock\u00b4n Roll Cafe Lohja 16.10.2021 Lohja, Virkkalan Klubitalo RockKlubi-ilta (Douglas Blair W.A.S.P) 2019 KEIKAT 15.2.2019 Lohja,\u00a0Ravintola Monaco (done) 9.3.2019\u00a0 Nurmij\u00e4rvi\/Kiljava, H-DCF talviralli (done) 11.5.2019 Ravintola Petteri, Lohja (done) 3.8.2019 Rock n\u00b4Roll Cafe Lohja (TRT 10v bileet) 13.9.2019 DejaVu, Nummela 7.12.2019 Rock n Roll Cafe Lohja \u00a0 2018 KEIKAT 27.1.2018 Ravintola Petteri- Lohja (done)&#8230; <\/p>\n<div class=\"read-more navbutton\"><a href=\"https:\/\/www.therockintrouble.com\/?page_id=85\">Read More<i class=\"fa fa-angle-double-right\"><\/i><\/a><\/div>\n","protected":false},"author":1,"featured_media":0,"parent":0,"menu_order":0,"comment_status":"open","ping_status":"closed","template":"","meta":[],"_links":{"self":[{"href":"https:\/\/www.therockintrouble.com\/index.php?rest_route=\/wp\/v2\/pages\/85"}],"collection":[{"href":"https:\/\/www.therockintrouble.com\/index.php?rest_route=\/wp\/v2\/pages"}],"about":[{"href":"https:\/\/www.therockintrouble.com\/index.php?rest_route=\/wp\/v2\/types\/page"}],"author":[{"embeddable":true,"href":"https:\/\/www.therockintrouble.com\/index.php?rest_route=\/wp\/v2\/users\/1"}],"replies":[{"embeddable":true,"href":"https:\/\/www.therockintrouble.com\/index.php?rest_route=%2Fwp%2Fv2%2Fcomments&post=85"}],"version-history":[{"count":10,"href":"https:\/\/www.therockintrouble.com\/index.php?rest_route=\/wp\/v2\/pages\/85\/revisions"}],"predecessor-version":[{"id":1510,"href":"https:\/\/www.therockintrouble.com\/index.php?rest_route=\/wp\/v2\/pages\/85\/revisions\/1510"}],"wp:attachment":[{"href":"https:\/\/www.therockintrouble.com\/index.php?rest_route=%2Fwp%2Fv2%2Fmedia&parent=85"}],"curies":[{"name":"wp","href":"https:\/\/api.w.org\/{rel}","templated":true}]}}