{"id":43,"date":"2015-01-31T18:57:52","date_gmt":"2015-01-31T18:57:52","guid":{"rendered":"http:\/\/test.therockintrouble.com\/?page_id=43"},"modified":"2020-05-10T10:33:55","modified_gmt":"2020-05-10T10:33:55","slug":"the-band","status":"publish","type":"page","link":"https:\/\/www.therockintrouble.com\/?page_id=43","title":{"rendered":"B\u00e4ndi"},"content":{"rendered":"<p><a href=\"http:\/\/www.therockintrouble.com\/wp-content\/uploads\/2019\/01\/50950870_10210473527914904_3632440016174579712_n.jpg\"><img loading=\"lazy\" class=\"alignnone size-medium wp-image-1389\" src=\"http:\/\/www.therockintrouble.com\/wp-content\/uploads\/2019\/01\/50950870_10210473527914904_3632440016174579712_n-632x790.jpg\" alt=\"50950870_10210473527914904_3632440016174579712_n\" width=\"632\" height=\"790\" srcset=\"https:\/\/www.therockintrouble.com\/wp-content\/uploads\/2019\/01\/50950870_10210473527914904_3632440016174579712_n-632x790.jpg 632w, https:\/\/www.therockintrouble.com\/wp-content\/uploads\/2019\/01\/50950870_10210473527914904_3632440016174579712_n.jpg 768w\" sizes=\"(max-width: 632px) 100vw, 632px\" \/><\/a><\/p>\n<p>Krisse &#8211; basso \u00a0 \/ \u00a0 Milla &#8211; laulu\u00a0 \u00a0 \u00a0\/ \u00a0\u00a0Sumppi &#8211; kitara\u00a0 \u00a0 \/\u00a0 \u00a0Juuso-kitara<\/p>\n<p>The Rockin` Trouble kasattiin vuonna 2009. Lohjalaistaustaisten miekkosten meriitteihin kuuluvat jo 1980 ja -90 -luvulla rokkigenress\u00e4 el\u00e4neet b\u00e4ndit. B\u00e4ndin reipas rokkipitoinen ohjemisto koostuu vanhoista rock-klassikoista yhdisteltyn\u00e4 t\u00e4m\u00e4n p\u00e4iv\u00e4n rehelliseen rockiin, mukaillen rockin uranuurtajia mm. Ronski Gang, Francine,D-A-D, Danko Jones jne. B\u00e4ndi keikkailee tilanteen ja tarpeen mukaan ja keikkapaikat ei j\u00e4\u00e4 kylm\u00e4ksi t\u00e4m\u00e4n ryhm\u00e4n j\u00e4ljilt\u00e4. Keep on rockin\u2019\u2026<\/p>\n<p><a href=\"http:\/\/www.therockintrouble.com\/wp-content\/uploads\/2015\/01\/cropped-trt-musta.jpg\"><img loading=\"lazy\" class=\"alignnone size-medium wp-image-277\" src=\"http:\/\/www.therockintrouble.com\/wp-content\/uploads\/2015\/01\/cropped-trt-musta-632x315.jpg\" alt=\"cropped-trt-musta.jpg\" width=\"632\" height=\"315\" srcset=\"https:\/\/www.therockintrouble.com\/wp-content\/uploads\/2015\/01\/cropped-trt-musta-632x315.jpg 632w, https:\/\/www.therockintrouble.com\/wp-content\/uploads\/2015\/01\/cropped-trt-musta.jpg 1000w\" sizes=\"(max-width: 632px) 100vw, 632px\" \/><\/a><\/p>\n<p>&nbsp;<\/p>\n","protected":false},"excerpt":{"rendered":"<p>Krisse &#8211; basso \u00a0 \/ \u00a0 Milla &#8211; laulu\u00a0 \u00a0 \u00a0\/ \u00a0\u00a0Sumppi &#8211; kitara\u00a0 \u00a0 \/\u00a0 \u00a0Juuso-kitara The Rockin` Trouble kasattiin vuonna 2009. Lohjalaistaustaisten miekkosten meriitteihin kuuluvat jo 1980 ja -90 -luvulla rokkigenress\u00e4 el\u00e4neet b\u00e4ndit. B\u00e4ndin reipas rokkipitoinen ohjemisto koostuu vanhoista rock-klassikoista yhdisteltyn\u00e4 t\u00e4m\u00e4n p\u00e4iv\u00e4n rehelliseen rockiin, mukaillen rockin uranuurtajia mm. Ronski Gang, Francine,D-A-D, Danko&#8230; <\/p>\n<div class=\"read-more navbutton\"><a href=\"https:\/\/www.therockintrouble.com\/?page_id=43\">Read More<i class=\"fa fa-angle-double-right\"><\/i><\/a><\/div>\n","protected":false},"author":1,"featured_media":0,"parent":0,"menu_order":0,"comment_status":"open","ping_status":"closed","template":"","meta":[],"_links":{"self":[{"href":"https:\/\/www.therockintrouble.com\/index.php?rest_route=\/wp\/v2\/pages\/43"}],"collection":[{"href":"https:\/\/www.therockintrouble.com\/index.php?rest_route=\/wp\/v2\/pages"}],"about":[{"href":"https:\/\/www.therockintrouble.com\/index.php?rest_route=\/wp\/v2\/types\/page"}],"author":[{"embeddable":true,"href":"https:\/\/www.therockintrouble.com\/index.php?rest_route=\/wp\/v2\/users\/1"}],"replies":[{"embeddable":true,"href":"https:\/\/www.therockintrouble.com\/index.php?rest_route=%2Fwp%2Fv2%2Fcomments&post=43"}],"version-history":[{"count":19,"href":"https:\/\/www.therockintrouble.com\/index.php?rest_route=\/wp\/v2\/pages\/43\/revisions"}],"predecessor-version":[{"id":1481,"href":"https:\/\/www.therockintrouble.com\/index.php?rest_route=\/wp\/v2\/pages\/43\/revisions\/1481"}],"wp:attachment":[{"href":"https:\/\/www.therockintrouble.com\/index.php?rest_route=%2Fwp%2Fv2%2Fmedia&parent=43"}],"curies":[{"name":"wp","href":"https:\/\/api.w.org\/{rel}","templated":true}]}}